53444142
What is 335321 (base 7) in base 11?
40782
1101011111011100010 (base 2) to base 8
1537342
-3ec1c (base 16) to base 11
-166144
Convert 135526136 (base 7) to base 3.
121202220121002
111101101111101100 (base 2) to base 16
3dbec
What is 11120542 (base 6) in base 9?
563448
What is -11101233212 (base 4) in base 11?
-865405
10132041 (base 5) to base 7
465065
What is 6461a3 (base 12) in base 9?
2877326
What is -32aa67 (base 13) in base 4?
-10203223322
What is 174618 (base 10) in base 14?
478ca
What is -3324343 (base 6) in base 11?
-104426
What is 71ab7 (base 13) in base 15?
40679
Convert 13661524 (base 7) to base 14.
258d84
Convert -332124501 (base 6) to base 14.
-b1a765
120233110 (base 4) to base 11
6a150
What is -3cc5f (base 16) in base 13?
-893c3
226a84a (base 11) to base 6
221011334
What is 122101120121200 (base 3) in base 2?
100011010000100001011000
What is 200200212112 (base 3) in base 5?
43234201
Convert 1d36a7 (base 16) to base 14.
37ba07
123241321 (base 5) to base 11
38190a
-203188 (base 12) to base 3
-221120010012
1a82994 (base 13) to base 11
4a53263
What is 97e78 (base 16) in base 15?
c4550
What is -1ba8553 (base 12) in base 4?
-112223130033
Convert -17071 (base 12) to base 11.
-22805
19938c (base 15) to base 14
246210
-33476 (base 14) to base 15
-26cb3
5a5bc (base 13) to base 14
445b1
What is 1704149 (base 13) in base 4?
130113021332
-90212e (base 16) to base 13
-1c59478
What is -14454 (base 14) in base 7?
-266334
Convert 202423430 (base 5) to base 13.
22c3c5
What is b1899 (base 12) in base 2?
111000011010110101
Convert 817560 (base 9) to base 3.
220121122000
What is 3269c (base 14) in base 15?
2626a
100615503 (base 7) to base 14
acb303
201201100220112 (base 3) to base 9
21640815
Convert 2243601 (base 7) to base 13.
9a4b2
Convert -15144303 (base 7) to base 15.
-1d68b6
What is -1059653 (base 14) in base 6?
-434020201
What is 211111202211 (base 3) in base 5?
103134230
Convert -b2468c (base 14) to base 7.
-102020535
24e11 (base 16) to base 6
3123201
110020332 (base 4) to base 16
1423e
2993 (base 14) to base 7
30343
What is 356895 (base 11) in base 15?
b27e6
164823 (base 9) to base 13
37572
-3243053 (base 6) to base 10
-161385
-23253600 (base 7) to base 2
-111110011101111111111
Convert -3078f (base 16) to base 13.
-6c4a7
167562 (base 13) to base 6
15551443
-113201431 (base 5) to base 16
-7f784
Convert -380332 (base 13) to base 2.
-101000111110111000011
2504108 (base 12) to base 7
115252604
-1020200012111 (base 3) to base 12
-27b6a1
Convert 2001000210011 (base 3) to base 11.
67a85a
What is -15a8642 (base 11) in base 6?
-134340222
Convert 211205 (base 9) to base 11.
86371
-283736 (base 9) to base 16
-2a53d
Convert -127262 (base 9) to base 3.
-10221022002
1de04 (base 15) to base 10
97654
Convert 125533532 (base 6) to base 2.
1001100110010110100000
Convert -49884 (base 11) to base 7.
-415520
What is -10d08 (base 14) in base 2?
-1010000000001100
What is 38920 (base 13) in base 16?
19966
160088 (base 14) to base 7
6350231
What is -20322232031 (base 4) in base 2?
-1000111010101110001101
What is -156603b (base 12) in base 15?
-5b34d5
648399 (base 11) to base 8
3747325
Convert 30204340 (base 5) to base 4.
322321010
Convert -13312131 (base 5) to base 12.
-66363
-505103 (base 9) to base 13
-a6110
What is -3758215 (base 9) in base 6?
-111510235
Convert -20040045 (base 6) to base 8.
-2117535
Convert 6060a (base 11) to base 15.
1b3a7
Convert 4545242 (base 6) to base 13.
816cb
What is 8811d (base 14) in base 9?
551884
Convert 142324223 (base 5) to base 4.
2312001123
What is 163402246 (base 7) in base 8?
52344414
Convert 385867 (base 10) to base 15.
794e7
1184026 (base 12) to base 7
40651554
-2344323 (base 6) to base 11
-842a7
Convert 14b9c6 (base 13) to base 14.
d4519
Convert 13335260 (base 7) to base 3.
2022210102122
Convert -21d7b (base 15) to base 16.
-1a492
Convert 40321451 (base 7) to base 6.
155445042
-96b08b (base 12) to base 16
-245cab
Convert 406635a (base 11) to base 7.
115023150
10540240 (base 6) to base 13
b4696
Convert -23102331 (base 4) to base 10.
-46269
6516751 (base 8) to base 6
101215425
What is -79808 (base 10) in base 2?
-10011011111000000
What is -20002121202202 (base 3) in base 4?
-30113010230
Convert -11421211 (base 5) to base 2.
-11010010010100001
e4d52 (base 15) to base 13
1c5158
7510a5 (base 12) to base 7
21462611
Convert -125504 (base 8) to base 6.
-534552
Convert 56bbf (base 16) to base 7.
3006516
Convert 6aaf9 (base 16) to base 2.
1101010101011111001
Convert 1e649 (base 16) to base 13.
44881
What is 267c2e (base 15) in base 3?
10110221011122
1212364 (base 9) to base 5
132022414
-1234425 (base 8) to base 4
-1103210111
Convert 391a32 (base 12) to base 3.
1202120101202
-22140054 (base 6) to base 10
-666178
13105543 (base 6) to base 5
102211332
Convert 1223115220 (base 6) to base 3.
222121202001010
What is 101632151 (base 7) in base 10?
5991266
14000321 (base 5) to base 7
1124144
Convert 12a86 (base 15) to base 2.
1110100101100111
What is -1270190 (base 10) in base 15?
-1a1545
Convert -13424031 (base 5) to base 3.
-21002001000
What is -101770 (base 12) in base 10?
-251652
Convert a0474 (base 11) to base 3.
21110121112
-24140041 (base 5) to base 2
-110110110010001100
Convert -911b (base 13) to base 6.
-232234
What is -8ab601 (base 13) in base 15?
-44c2c6
19093 (base 10) to base 6
224221
What is 3db16 (base 16) in base 10?
252694
What is 11882020 (base 9) in base 2?
10110010001111101111110
-10210000103 (base 4) to base 2
-100100100000000010011
What is -650a2 (base 13) in base 14?
-4a707
2b4663 (base 16) to base 3
12100002100112
What is -10000001101001010110001 (base 2) in base 11?
-2441848
Convert -2263556 (base 7) to base 5.
-33102013
404442 (base 7) to base 12
339b6
eb8d (base 16) to base 14
17d93
What is -17d8626 (base 14) in base 6?
-1101135430
What is 100131113 (base 4) in base 6?
1240035
10110110011100101 (base 2) to base 9
152122
Convert 4c6575 (base 13) to base 11.
1048a40
-101011010101100110 (base 2) to base 10
-177510
What is -533416 (base 7) in base 16?
-1693c
What is -1cf88 (base 16) in base 4?
-130332020
Convert -9971a (base 11) to base 16.
-234e8
-100010111011100111 (base 2) to base 11
-98552
110031033 (base 4) to base 7
463206
-422604 (base 8) to base 12
-694b0
What is 20020001120 (base 3) in base 12?
5aa96
-122221021012 (base 3) to base 5
-42244110
What is -12111112 (base 6) in base 16?
-5d674
What is -1211210100201 (base 3) in base 8?
-3572106
-27e4d (base 15) to base 4
-133101202
Convert -10111022222 (base 3) to base 16.
-10ca0
What is 1324306 (base 7) in base 13?
614c2
Convert -1414545 (base 9) to base 4.
-2331311120
-401242340 (base 5) to base 4
-12003200110
Convert -3276b6 (base 14) to base 10.
-1710848
-3112202033 (base 4) to base 12
-36463b
-133348 (base 11) to base 7
-1531305
Convert -1403251 (base 7) to base 4.
-231122320
What is 7a209 (base 14) in base 13?
a50c2
Convert 19798a (base 14) to base 2.
11011100110111010110
Convert -1924098 (base 10) to base 7.
-22232421
1011212102212 (base 3) to base 5
130033020
Convert -80c61 (base 15) to base 9.
-681341
Convert -42510623 (base 7) to base 3.
-20210201111222
What is 414030310 (base 5) in base 14?
325556
-45511432 (base 6) to base 9
-2553562
Convert -140322100 (base 5) to base 2.
-10101110010100101001
4ecc (base 15) to base 3
212002210
What is -21b74 (base 16) in base 12?
-67b04
Convert a36dd1 (base 15) to base 2.
11101101000101110100100
What is 410941 (base 15) in base 5?
1242341321
Convert -11001101110011011 (base 2) to base 15.
-2134b
-110011100021221 (base 3) to base 7
-105634660
-523aa48 (base 11) to base 10
-9238402
What is -1134220 (base 11) in base 4?
-13203322223
What is b89e8 (base 15) in base 2?
10001111000110000110
Convert 28847 (base 11) to base 12.
1b845
101100101012 (base 3) to base 15
4052b
-100000010011010001 (base 2) to base 13
-482b4
What is -115024 (base 11) in base 10?
-182373
-64721 (base 10) to base 5
-4032341
Convert -15dec (base 15) to base 14.
-1ba63
What is 7271 (base 8) in base 7?
13663
What is -101100010110011110110011 (base 2) in base 11?
-6621112
What is 183081 (base 10) in base 9?
308123
-2b171 (base 14) to base 11
-73696
22521315 (base 6) to base 5
134214431
What is 158772 (base 11) in base 9?
414184
What is 4450032 (bas